{"id":98,"date":"2025-01-23T15:21:45","date_gmt":"2025-01-23T15:21:45","guid":{"rendered":"https:\/\/ambiente.chia-cundinamarca.gov.co\/?page_id=98"},"modified":"2025-05-22T16:52:35","modified_gmt":"2025-05-22T16:52:35","slug":"preguntas-frecuentes","status":"publish","type":"page","link":"https:\/\/ambiente.chia-cundinamarca.gov.co\/?page_id=98","title":{"rendered":"Preguntas Frecuentes"},"content":{"rendered":"\t\t<div data-elementor-type=\"wp-page\" data-elementor-id=\"98\" class=\"elementor elementor-98\" data-elementor-post-type=\"page\">\n\t\t\t\t<div class=\"elementor-element elementor-element-0223c5c e-flex e-con-boxed e-con e-parent\" data-id=\"0223c5c\" data-element_type=\"container\" data-e-type=\"container\">\n\t\t\t\t\t<div class=\"e-con-inner\">\n\t\t\t\t<div class=\"elementor-element elementor-element-e99e795 elementor-widget elementor-widget-heading\" data-id=\"e99e795\" data-element_type=\"widget\" data-e-type=\"widget\" data-widget_type=\"heading.default\">\n\t\t\t\t<div class=\"elementor-widget-container\">\n\t\t\t\t\t<h2 class=\"elementor-heading-title elementor-size-default\">PREGUNTAS FRECUENTES<\/h2>\t\t\t\t<\/div>\n\t\t\t\t<\/div>\n\t\t\t\t\t<\/div>\n\t\t\t\t<\/div>\n\t\t<div class=\"elementor-element elementor-element-7cfb150 e-flex e-con-boxed e-con e-parent\" data-id=\"7cfb150\" data-element_type=\"container\" data-e-type=\"container\">\n\t\t\t\t\t<div class=\"e-con-inner\">\n\t\t\t\t<div class=\"elementor-element elementor-element-64118fc elementor-widget elementor-widget-text-editor\" data-id=\"64118fc\" data-element_type=\"widget\" data-e-type=\"widget\" data-widget_type=\"text-editor.default\">\n\t\t\t\t<div class=\"elementor-widget-container\">\n\t\t\t\t\t\t\t\t\t&nbsp;\n<table border=\"1\">\n<tbody>\n<tr>\n<td style=\"text-align: center;\">\n<h4><span style=\"color: #000000;\"><strong>PUBLICIDAD EXTERIOR VISUAL<\/strong><\/span><\/h4>\n<\/td>\n<td style=\"text-align: center;\">\n<h4><span style=\"color: #000000;\"><strong>RESPUESTAS<\/strong><\/span><\/h4>\n<\/td>\n<\/tr>\n<tr>\n<td><span style=\"color: #000000;\"><b>\u00bfQu\u00e9 es una valla y que impuesto se cancela?<\/b><\/span><\/td>\n<td><span style=\"color: #000000;\">Una valla es un elemento publicitario con un \u00e1rea igual o superior a 8m^2 , el impuesto se cancela por la p\u00e1gina web, tr\u00e1mites y servicios, mediante instructivo de impuesto de publicidad exterior visual. Puede solicitar el instructivo al correo contactenos@chia.gov.co<\/span><\/td>\n<\/tr>\n<tr>\n<td><span style=\"color: #000000;\"><b>\u00bfQu\u00e9 es un aviso y que impuesto se cancela?<\/b><\/span><\/td>\n<td><span style=\"color: #000000;\">Elemento publicitario con un \u00e1rea inferior a 8m^2 , el impuesto se cancela en la secretaria <\/span><span style=\"color: #000000;\">de hacienda, impuesto de industria y comercio \u2013 avisos y tableros.<\/span><\/td>\n<\/tr>\n<tr>\n<td><span style=\"color: #000000;\"><b>\u00bfQu\u00e9 normatividad rige la publicidad visual exterior en el municipio?<\/b><\/span><\/td>\n<td><span style=\"color: #000000;\">La normatividad que rige la publicidad exterior visual en el municipio de Ch\u00eda es el siguiente:<\/span>\n<ul>\n \t<li><span style=\"color: #000000;\">Ley 140 de 1994<\/span><\/li>\n \t<li><span style=\"color: #000000;\">Acuerdo No. 03 de 1994<\/span><\/li>\n \t<li><span style=\"color: #000000;\">Acuerdo No. 016 de 1995<\/span><\/li>\n \t<li><span style=\"color: #000000;\">Acuerdo No. 018 de 1991<\/span><\/li>\n \t<li><span style=\"color: #000000;\">Decreto\u00a0 No. 218 de 2007<\/span><\/li>\n \t<li><span style=\"color: #000000;\">Decreto No. 046 de 2009\u00a0<\/span><\/li>\n \t<li><span style=\"color: #000000;\">Acuerdo No. 107 de 2016 y Decreto 069 de 2016 Estatuto de Rentas<\/span><\/li>\n \t<li><span style=\"color: #000000;\">Acuerdo No. 182 de 2020 Estatuto de Rentas<\/span><\/li>\n<\/ul>\n<\/td>\n<\/tr>\n<\/tbody>\n<\/table>\t\t\t\t\t\t\t\t<\/div>\n\t\t\t\t<\/div>\n\t\t\t\t<div class=\"elementor-element elementor-element-a341594 elementor-widget elementor-widget-text-editor\" data-id=\"a341594\" data-element_type=\"widget\" data-e-type=\"widget\" data-widget_type=\"text-editor.default\">\n\t\t\t\t<div class=\"elementor-widget-container\">\n\t\t\t\t\t\t\t\t\t<table border=\"1\"><tbody><tr><td style=\"text-align: center;\"><h4><span style=\"color: #000000;\">FORESTAL<\/span><\/h4><\/td><td style=\"text-align: center;\"><h4><span style=\"color: #000000;\">RESPUESTAS<\/span><\/h4><\/td><\/tr><tr><td><strong><span style=\"color: #000000;\">\u00bfQu\u00e9 debo hacer para talar <\/span><span style=\"color: #000000;\">un \u00e1rbol ubicado dentro de <\/span><span style=\"color: #000000;\">mi propiedad?<\/span><\/strong><\/td><td><p><span style=\"color: #000000;\">Es necesario realizar el tr\u00e1mite de solicitud de Autorizaci\u00f3n para Aprovechamiento Forestal de \u00c1rboles Aislados, ante la Corporaci\u00f3n Aut\u00f3noma Regional de Cundinamarca &#8211; CAR, que es la autoridad ambiental encargada de otorgar los permisos dentro\u00a0de los municipios que conforman su jurisdicci\u00f3n.<\/span><\/p><p><span style=\"color: #000000;\">Recuerde que est\u00e1 prohibida la tala de \u00e1rboles, sin previa autorizaci\u00f3n de la Corporaci\u00f3n Aut\u00f3noma Regional de Cundinamarca (CAR) Direcci\u00f3n Provincial Sabana Centro (Zipaquir\u00e1), seg\u00fan el Acuerdo 021 de 2018; en cumplimiento al buen uso del recurso flora y en garant\u00eda por los beneficios de los servicios ambientales<\/span><\/p><\/td><\/tr><tr><td><strong><span style=\"color: #000000;\">\u00bfCu\u00e1ndo es viable la tala de \u00e1rboles<\/span><span style=\"color: #000000;\">?<\/span><\/strong><\/td><td><p><span style=\"color: #000000;\">El aprovechamiento, tala o retiro de \u00e1rboles localizados en predios de propiedad privada, es viable cuando:<br \/><br \/><\/span><\/p><ul><li><span style=\"color: #000000;\">Los \u00e1rboles se encuentren con s\u00edntomas de enfermedad, con lesiones graves por ataque de plagas, ca\u00eddos o muertos por causas naturales, representando alg\u00fan peligro a la vida humana.<\/span><\/li><li><span style=\"color: #000000;\">Los \u00e1rboles, por su ubicaci\u00f3n, interfieran con obras de remodelaci\u00f3n, ampliaci\u00f3n de infraestructura, construcciones, instalaciones y similares o por ser causa de riesgo de da\u00f1o actual o potencial a infraestructura.<\/span><\/li><\/ul><\/td><\/tr><tr><td><strong><span style=\"color: #000000;\">\u00bfC\u00f3mo tramitar el permiso para el aprovechamiento o tala y cu\u00e1les son los requisitos para radicar la solicitud?<\/span><\/strong><\/td><td><p><span style=\"color: #000000;\">La solicitud se debe hacer ante la Corporaci\u00f3n Aut\u00f3noma Regional de Cundinamarca-CAR, mediante el diligenciamiento del formato \u00fanico nacional dispuesto para tal fin (Formato \u00danico Nacional CAR), adjuntando al mismo los siguientes documentos:<\/span><\/p><ul><li><span style=\"color: #000000;\">Certificado de libertad y tradici\u00f3n expedido dentro de los dos (2) meses inmediatamente anteriores a la presentaci\u00f3n de la solicitud. Si se trata de predio ajeno se anexar\u00e1 la prueba de la posesi\u00f3n o tenencia.<\/span><\/li><li><span style=\"color: #000000;\">Autorizaci\u00f3n escrita del propietario cuando el solicitante no sea el mismo propietario del predio.<\/span><\/li><li><span style=\"color: #000000;\">Croquis a mano alzada para acceso al predio.<\/span><\/li><li><span style=\"color: #000000;\">Certificado de existencia y representaci\u00f3n legal vigente, para el caso de personas jur\u00eddicas.<\/span><\/li><li><span style=\"color: #000000;\">Poder debidamente otorgado, cuando se act\u00faa mediante abogado.<\/span><\/li><li><span style=\"color: #000000;\">Radicar la solicitud (Formulario Respectivo y anexos) ante la Direcci\u00f3n Regional <\/span><span style=\"color: #000000;\">Sabana Centro por el canal de atenci\u00f3n virtual al correo electr\u00f3nico sau@car.gov.co<\/span><\/li><\/ul><\/td><\/tr><tr><td><strong><span style=\"color: #000000;\">\u00bfQu\u00e9 hacer si en un espacio p\u00fablico se encuentra un \u00e1rbol en mal estado?<\/span><\/strong><\/td><td><p><span style=\"color: #000000;\">Radicar la respectiva solicitud al correo contactenos@chia.gov.co anexando informaci\u00f3n de la ubicaci\u00f3n del individuo arb\u00f3reo. Para el caso de \u00e1rboles plantados en espacio p\u00fablico se debe considerar si est\u00e1 ubicado en \u00e1rea rural o en un \u00e1rea urbana:<\/span><\/p><ul><li><span style=\"color: #000000;\">\u00c1REA RURAL O VEREDA: La competencia para autorizar su aprovechamiento o tala corresponde a la CAR.(Remitirse al punto anterior).<\/span><\/li><li><span style=\"color: #000000;\">\u00c1REA URBANA, corresponde a la Secretaria de Medio Ambiente y\/u Consejo Municipal de Gesti\u00f3n del Riesgo, evaluar t\u00e9cnicamente el estado del \u00e1rbol, conceptuar y recomendar si el individuo requiere alg\u00fan tratamiento silvicultural especifico y\/o intervenci\u00f3n de emergencia.<\/span><\/li><\/ul><p><span style=\"color: #000000;\"><br \/>Tenga en cuenta que, de acuerdo a la normativa ambiental, la facultad para otorgar permisos de aprovechamiento o tala de individuos arb\u00f3reos que se encuentren emplazados en jardines, separadores viales y parques de espacio p\u00fablico urbano, est\u00e1 a cargo de la Administraci\u00f3n Municipal.<\/span><\/p><\/td><\/tr><tr><td><strong><span style=\"color: #000000;\">\u00bfC\u00f3mo identificar un \u00e1rbol en riesgo y como proceder?<\/span><\/strong><\/td><td><ol><li><span style=\"color: #000000;\">Tiene encharcamientos permanentes en la base del \u00e1rbol.<\/span><\/li><li><span style=\"color: #000000;\">Tiene ramas muertas.<\/span><\/li><li><span style=\"color: #000000;\">Presenta inclinaci\u00f3n, tiene grietas o rajaduras en el tronco.<\/span><\/li><li><span style=\"color: #000000;\">Muestra cavidades, hongos o pudrici\u00f3n en el tronco o en las ramas.<\/span><\/li><li><span style=\"color: #000000;\">Presenta da\u00f1os considerables por causa de un choque.<\/span><\/li><li><span style=\"color: #000000;\">Hay \u00e1rboles ca\u00eddos y\/o muertos alrededor.<\/span><\/li><li><span style=\"color: #000000;\">Se observa presencia de roedores en la base del \u00e1rbol.<\/span><\/li><li><span style=\"color: #000000;\">Las ramas est\u00e1n interfiriendo con las redes de energ\u00eda el\u00e9ctrica.<\/span><\/li><\/ol><p><span style=\"color: #000000;\"><br \/>La solicitud se realiza a trav\u00e9s del correo: contactenos@chia.gov.co indicando ubicaci\u00f3n, afectaci\u00f3n y de ser posible anexar fotos<\/span>.<\/p><\/td><\/tr><tr><td><strong><span style=\"color: #000000;\">Tengo un \u00e1rbol dentro de mi propiedad o condominio y quisiera podarlo, \u00bfdebo tener permiso para realizar la poda?<\/span><\/strong><\/td><td><p>Es necesario tener en cuenta que es deber realizar el mantenimiento silvicultural peri\u00f3dico a los individuos arb\u00f3reos, con el fin de prevenir los factores de seguridad, adicionando a que la actividad de poda obedece a las labores de mantenimiento, desarrollo y sostenimiento de \u00e1rboles fuertes, sanos y atractivos.<\/p><p>Se recomienda asegurar el desarrollo de los individuos arb\u00f3reos en buenas condiciones a\u00e9reas y radiculares, ejecutando seg\u00fan corresponda poda t\u00e9cnica de:<\/p><ul><li>Formaci\u00f3n o Estructural: tratamiento tendiente a resaltar y mejorar las condiciones est\u00e9ticas y f\u00edsicas del individuo.<\/li><li>Realce o Transparencia: consiste en generar transparencia visual hasta 2m de altura medidos a partir del suelo, manejo indicado para \u00e1rboles adultos.<\/li><li>Estabilidad: tratamiento tendiente a mejorar la estabilidad del individuo corresponde a eliminar el riesgo de volcamiento o el desgarre de ramas a gran altura.<\/li><li>Transparencia en la copa: poda o entresaca de ramas secundarias con el objetivo de permitir el paso de luz solar hacia el suelo para el crecimiento de nuevas especies.<\/li><li>Despunte: tratamiento tendiente al control de ramas con tendencia horizontal o paralela al suelo y que por su longitud tienen la tendencia al desagarre.<\/li><li>Ra\u00edces: el proposito de esta actividad, es controlar que un determinado \u00e1rbol genere da\u00f1os a pisos o andenes por el crecimiento agresivo de sus ra\u00edces.<\/li><\/ul><p><br \/>La poda t\u00e9cnica debe ser realizada por personal id\u00f3neo, que siga los lineamientos t\u00e9cnicos de silvicultura: tratado con cicatrizante hormonal los cortes de las ramas, suministrando una capa de cualquier tipo de fungicida que sea impermeable al agua y permeable al aire para evitar el ataque de plagas y enfermedades.<\/p><p>Aplicar las buenas pr\u00e1cticas ambientales con la correcta disposici\u00f3n de los residuos y limpieza del \u00e1rea, teniendo presente la prohibici\u00f3n de los comportamientos que afectan las especies de la flora para nunca realizar quemas, ni disposici\u00f3n inadecuada en \u00e1reas adyacentes, con el fin de prevenir obstrucci\u00f3n de v\u00edas, accesos, cunetas y canales; as\u00ed mismo incorporar el ahuyentamiento y manejo de fauna silvestre al desarrollo de la actividad.<\/p><\/td><\/tr><\/tbody><\/table>\t\t\t\t\t\t\t\t<\/div>\n\t\t\t\t<\/div>\n\t\t\t\t\t<\/div>\n\t\t\t\t<\/div>\n\t\t<div class=\"elementor-element elementor-element-098a3e3 e-flex e-con-boxed e-con e-parent\" data-id=\"098a3e3\" data-element_type=\"container\" data-e-type=\"container\">\n\t\t\t\t\t<div class=\"e-con-inner\">\n\t\t\t\t<div class=\"elementor-element elementor-element-a62d5fd elementor-widget elementor-widget-text-editor\" data-id=\"a62d5fd\" data-element_type=\"widget\" data-e-type=\"widget\" data-widget_type=\"text-editor.default\">\n\t\t\t\t<div class=\"elementor-widget-container\">\n\t\t\t\t\t\t\t\t\t<p>\u00a0<\/p><table border=\"1\"><tbody><tr><td style=\"text-align: center;\"><h4><span style=\"color: #000000;\">RECURSO H\u00cdDRICO<\/span><\/h4><\/td><td style=\"text-align: center;\"><h4><span style=\"color: #000000;\">RESPUESTAS<\/span><\/h4><\/td><\/tr><tr><td><strong><span style=\"color: #000000;\">\u00bfCu\u00e1les son los requisitos para obtener autorizaci\u00f3n de intervenci\u00f3n de vallados?<\/span><\/strong><\/td><td><ol><li><span style=\"color: #000000;\">Levantamiento topogr\u00e1fico y dise\u00f1o hidr\u00e1ulico que incluya extensi\u00f3n, tramo a intervenir, cotas iniciales y finales, clave y batea.<\/span><\/li><li><span style=\"color: #000000;\">Caracter\u00edsticas de los elementos como tubos y canales para realizar la intervenci\u00f3n pendiente.<\/span><\/li><li><span style=\"color: #000000;\">Propuesta de sitio de descarga final de las aguas lluvias.<\/span><\/li><\/ol><\/td><\/tr><tr><td><strong><span style=\"color: #000000;\">\u00bfCu\u00e1l es el procedimiento para restituir vallados intervenidos<\/span><\/strong><strong><span style=\"color: #000000;\">?<\/span><\/strong><\/td><td><span style=\"color: #000000;\">Presentar propuesta para restituir el vallado, que incluya levantamiento topogr\u00e1fico y dise\u00f1o hidr\u00e1ulico, con detalles sobre la extensi\u00f3n, el tramo a intervenir, las cotas iniciales y finales, clave y batea. Para ello, tambi\u00e9n se deber\u00e1 tener en cuenta el reglamento t\u00e9cnico del sector de agua potable y saneamiento b\u00e1sico (RAS), con criterios como la geometr\u00eda del canal, la secci\u00f3n transversal, las pendientes, las estructuras hidr\u00e1ulicas necesarias, as\u00ed como la consideraci\u00f3n de actividades de mantenimiento rutinario.<\/span><\/td><\/tr><tr><td><span style=\"color: #000000;\"><b>Solicitud para mantenimiento de sitios cr\u00edticos de fuentes h\u00eddricas como quebradas, r\u00edos y humedales<\/b><\/span><\/td><td><p><span style=\"color: #000000;\">La finalidad es garantizar la consevaci\u00f3n de los cuerpos h\u00eddricos y su ronda de protecci\u00f3n. El proceso se inicia identificando el sector cr\u00edtico del cuerpo h\u00eddrico a intervenir, seguido de la solicitud ante la dependencia correspondiente y se realiza la programaci\u00f3n con el personal operativo.\u00a0<\/span><\/p><p>Se Gestionan herramientas, materiales y equipos manuales seg\u00fan las necesidades del cuerpo h\u00eddrico para realizar labores de limpieza, retiro de rondas y cauces, as\u00ed como la eliminaci\u00f3n de residuos, troncos y material acu\u00e1tico. Finalmente, se lleva a cabo la gesti\u00f3n de disposici\u00f3n final.<\/p><\/td><\/tr><\/tbody><\/table><p>\u00a0<\/p>\t\t\t\t\t\t\t\t<\/div>\n\t\t\t\t<\/div>\n\t\t\t\t\t<\/div>\n\t\t\t\t<\/div>\n\t\t<div class=\"elementor-element elementor-element-fa295c0 e-flex e-con-boxed e-con e-parent\" data-id=\"fa295c0\" data-element_type=\"container\" data-e-type=\"container\">\n\t\t\t\t\t<div class=\"e-con-inner\">\n\t\t\t\t<div class=\"elementor-element elementor-element-41f66b9 elementor-widget elementor-widget-text-editor\" data-id=\"41f66b9\" data-element_type=\"widget\" data-e-type=\"widget\" data-widget_type=\"text-editor.default\">\n\t\t\t\t<div class=\"elementor-widget-container\">\n\t\t\t\t\t\t\t\t\t<table border=\"1\"><tbody><tr><td style=\"text-align: center;\"><h4><span style=\"color: #000000;\"><strong>RESIDUOS<\/strong><\/span><\/h4><\/td><td style=\"text-align: center;\"><h4><span style=\"color: #000000;\"><strong>RESPUESTAS<\/strong><\/span><\/h4><\/td><\/tr><tr><td><strong>\u00bfQu\u00e9 es el plan de gesti\u00f3n de residuos s\u00f3lidos?<\/strong><\/td><td>Es el instrumento de planeaci\u00f3n municipal o regional que contiene un conjunto ordenado de objetivos, metas, programas, proyectos, actividades y recursos definidos por uno o m\u00e1s entes territoriales para el manejo de los residuos s\u00f3lidos, fundamentado en la pol\u00edtica de gesti\u00f3n integral de los mismos, el cual se ejecutar\u00e1 durante un per\u00edodo determinado, bas\u00e1ndose en un diagn\u00f3stico inicial, en su proyecci\u00f3n hacia el futuro y en un plan financiero viable que permita garantizar el mejoramiento continuo del manejo de residuos s\u00f3lidos y la prestaci\u00f3n del servicio de aseo a nivel municipal o regional, evaluado a trav\u00e9s de la medici\u00f3n permanente de resultados. (Decreto 1077 de 2015 expedido por el Ministerio de Vivienda, Ciudad y Territorio).<\/td><\/tr><tr><td><strong>\u00bfQui\u00e9n realiza la recolecci\u00f3n de residuos s\u00f3lidos aprovechables?<\/strong><\/td><td><p>El municipio cuenta con cuatro asociaciones reconocidas prestadoras de servicio de recolecci\u00f3n de residuos aprovechables.<\/p><ol><li>COOPERATIVAMULTIACTIVA PARA EL RECICLAJE Y LA CONSERVACI\u00d3N AMBIENTAL &#8211; CREA ESP<\/li><li>ASOCIACI\u00d3N VIDA VERDE RECICLADORES &#8211; ASOVIDAV E.S.P.<\/li><li>ASOCIACI\u00d3N PLANETA RECICLABLE ASOPLANET<\/li><li>ASOCIACI\u00d3N DE RECICLADORES PUNTO DE CALIDAD DE VIDA &#8211; ASORECIKLAR E.S.P.<\/li><\/ol><\/td><\/tr><tr><td><strong>\u00bfCh\u00eda cuenta con gestores de residuos de construcci\u00f3n y demolici\u00f3n RCD?<\/strong><\/td><td>El municipio de ch\u00eda dentro de su jurisdicci\u00f3n no cuenta con gestores autorizados para la disposici\u00f3n adecuada de residuos de construcci\u00f3n y demolici\u00f3n RCD, sin embargo, se comparte la lista de gestores autorizados por la corporaci\u00f3n aut\u00f3noma regional CAR.<br \/><span style=\"color: #0000ff;\"><a style=\"color: #0000ff;\" href=\"https:\/\/www.car.gov.co\/vercontenido\/3795\">https:\/\/www.car.gov.co\/vercontenido\/3795<\/a><\/span><\/td><\/tr><\/tbody><\/table>\t\t\t\t\t\t\t\t<\/div>\n\t\t\t\t<\/div>\n\t\t\t\t\t<\/div>\n\t\t\t\t<\/div>\n\t\t<div class=\"elementor-element elementor-element-9b7ecf6 e-flex e-con-boxed e-con e-parent\" data-id=\"9b7ecf6\" data-element_type=\"container\" data-e-type=\"container\">\n\t\t\t\t\t<div class=\"e-con-inner\">\n\t\t\t\t<div class=\"elementor-element elementor-element-f3b897f elementor-widget elementor-widget-text-editor\" data-id=\"f3b897f\" data-element_type=\"widget\" data-e-type=\"widget\" data-widget_type=\"text-editor.default\">\n\t\t\t\t<div class=\"elementor-widget-container\">\n\t\t\t\t\t\t\t\t\t<table border=\"1\"><tbody><tr><td style=\"text-align: center;\"><h4><span style=\"color: #000000;\"><strong>EXTENCI\u00d3N DE IMPUESTO PREDIAL<\/strong><\/span><\/h4><\/td><td style=\"text-align: center;\"><h4><span style=\"color: #000000;\"><strong>RESPUESTAS<\/strong><\/span><\/h4><\/td><\/tr><tr><td><strong>\u00bfC\u00f3mo acceder al descuento en el impuesto predial?<\/strong><\/td><td><p>En cumplimiento con el Acuerdo N\u00ba 107 de 2016, referente al \u201cEstatuto Tributario de Rentas\u201d. Si su propiedad se encuentra segregada debido a parcelaciones, condominios, urbanizaciones campestres, y cuenta con una conservaci\u00f3n forestal igual o superior al 80% del \u00e1rea total del terreno, usted puede beneficiarse de este descuento.<\/p><p>Para realizar su solicitud de visita para descuento del impuesto predial por conservaci\u00f3n, debe diligenciar el formulario que se encuentra en la p\u00e1gina oficial de la Alcald\u00eda de Ch\u00eda \/ Secretar\u00eda de Medio Ambiente \/ Tramites \/ Solicitud de impuesto predial por conservaci\u00f3n ambiental \/ <strong>Formulario<\/strong> <strong>GMA &#8211; FT &#8211; 49 &#8211; V1.<br \/><\/strong><br \/>Una vez sea diligenciado este formato, debe radicarlo en la secretaria de Medio Ambiente a trav\u00e9s del correo: contactenos@chia.gov.co Esta iniciativa busca incentivar la conservaci\u00f3n ambiental y promover pr\u00e1cticas responsables en el uso del suelo. La Administraci\u00f3n del alcalde Leonardo Donoso Ruiz, reitera su compromiso con el bienestar de la comunidad y el cuidado del entorno natural.<\/p><\/td><\/tr><\/tbody><\/table>\t\t\t\t\t\t\t\t<\/div>\n\t\t\t\t<\/div>\n\t\t\t\t\t<\/div>\n\t\t\t\t<\/div>\n\t\t\t\t<\/div>\n\t\t","protected":false},"excerpt":{"rendered":"<p>PREGUNTAS FRECUENTES &nbsp; PUBLICIDAD EXTERIOR VISUAL RESPUESTAS \u00bfQu\u00e9 es una valla y que impuesto se cancela? Una valla es un elemento publicitario con un \u00e1rea igual o superior a 8m^2 , el impuesto se cancela por la p\u00e1gina web, tr\u00e1mites y servicios, mediante instructivo de impuesto de publicidad exterior visual. Puede solicitar el instructivo al [&hellip;]<\/p>\n","protected":false},"author":1,"featured_media":0,"parent":0,"menu_order":0,"comment_status":"closed","ping_status":"closed","template":"","meta":{"footnotes":""},"class_list":["post-98","page","type-page","status-publish","hentry"],"_links":{"self":[{"href":"https:\/\/ambiente.chia-cundinamarca.gov.co\/index.php?rest_route=\/wp\/v2\/pages\/98","targetHints":{"allow":["GET"]}}],"collection":[{"href":"https:\/\/ambiente.chia-cundinamarca.gov.co\/index.php?rest_route=\/wp\/v2\/pages"}],"about":[{"href":"https:\/\/ambiente.chia-cundinamarca.gov.co\/index.php?rest_route=\/wp\/v2\/types\/page"}],"author":[{"embeddable":true,"href":"https:\/\/ambiente.chia-cundinamarca.gov.co\/index.php?rest_route=\/wp\/v2\/users\/1"}],"replies":[{"embeddable":true,"href":"https:\/\/ambiente.chia-cundinamarca.gov.co\/index.php?rest_route=%2Fwp%2Fv2%2Fcomments&post=98"}],"version-history":[{"count":91,"href":"https:\/\/ambiente.chia-cundinamarca.gov.co\/index.php?rest_route=\/wp\/v2\/pages\/98\/revisions"}],"predecessor-version":[{"id":318,"href":"https:\/\/ambiente.chia-cundinamarca.gov.co\/index.php?rest_route=\/wp\/v2\/pages\/98\/revisions\/318"}],"wp:attachment":[{"href":"https:\/\/ambiente.chia-cundinamarca.gov.co\/index.php?rest_route=%2Fwp%2Fv2%2Fmedia&parent=98"}],"curies":[{"name":"wp","href":"https:\/\/api.w.org\/{rel}","templated":true}]}}